 is -121200 (base 4) in base 6?
-11320
-32758 (base 9) to base 3
-1002211222
-1040 (base 8) to base 3
-202011
2572 (base 13) to base 16
14d4
40634 (base 8) to base 15
4e9b
What is -34534 (base 9) in base 3?
-1011121011
-21346 (base 7) to base 16
-14ce
What is -5a1 (base 11) in base 14?
-392
Convert -333011 (base 4) to base 3.
-12112112
Convert -122020 (base 3) to base 10.
-465
Convert 15562 (base 10) to base 13.
7111
2813 (base 13) to base 11
4369
Convert 2278 (base 15) to base 11.
5549
Convert -3cd7 (base 15) to base 9.
-18774
-12600 (base 8) to base 16
-1580
303 (base 4) to base 16
33
What is 16185 (base 9) in base 7?
44225
What is -23021 (base 4) in base 13?
-42b
34bd (base 16) to base 6
142301
Convert 10001010101 (base 2) to base 9.
1462
What is -111211 (base 3) in base 8?
-565
Convert 3031 (base 4) to base 14.
109
1150 (base 6) to base 11
237
-1655 (base 7) to base 3
-221002
Convert -13122311 (base 4) to base 15.
-900e
1576 (base 15) to base 2
1001000000011
2882 (base 10) to base 5
43012
Convert 300 (base 7) to base 11.
124
-2499 (base 11) to base 6
-23022
Convert -11102 (base 6) to base 15.
-6d5
21010102 (base 4) to base 14
d76a
Convert 1641 (base 9) to base 2.
10011100100
7506 (base 12) to base 16
3216
-101010 (base 2) to base 13
-33
Convert -3621 (base 8) to base 2.
-11110010001
1920 (base 10) to base 13
b49
What is -973 (base 13) in base 15?
-72a
3735 (base 8) to base 12
11b9
What is -142a (base 16) in base 13?
-2471
Convert 441616 (base 7) to base 6.
1354414
4520 (base 8) to base 15
a8e
-1221120101 (base 3) to base 11
-2687a
Convert -e2 (base 16) to base 2.
-11100010
-6627 (base 10) to base 7
-25215
-d5 (base 14) to base 6
-511
-92c7 (base 13) to base 11
-14261
11100102 (base 3) to base 13
159b
-47100 (base 8) to base 14
-742c
What is -6299 (base 16) in base 11?
-17a67
2362 (base 7) to base 6
4021
-22121 (base 4) to base 8
-1231
Convert 52152 (base 6) to base 9.
10515
What is -52035 (base 6) in base 16?
-1b17
Convert 456b (base 13) to base 9.
14302
What is -1a7d (base 15) in base 6?
-42331
-14 (base 11) to base 2
-1111
-2217 (base 14) to base 13
-28bc
-113172 (base 8) to base 6
-454202
Convert 4314 (base 5) to base 13.
35c
Convert 1532 (base 10) to base 2.
10111111100
Convert 100000100011110 (base 2) to base 13.
7784
Convert 53 (base 14) to base 3.
2201
-ca2 (base 14) to base 8
-4676
What is -1051 (base 11) in base 6?
-10231
What is 5755 (base 11) in base 12?
4462
What is 3237 (base 9) in base 13?
1114
Convert -10011110 (base 2) to base 13.
-c2
Convert -1349 (base 12) to base 15.
-9cc
-90b4 (base 12) to base 4
-3311020
What is 202022 (base 3) in base 14?
2b2
What is -45 (base 12) in base 5?
-203
What is -6929 (base 10) in base 6?
-52025
Convert 196a (base 13) to base 2.
111011011110
Convert 749 (base 12) to base 10.
1065
Convert 42310 (base 5) to base 9.
3784
-1073 (base 13) to base 7
-6452
Convert -19b4 (base 15) to base 14.
-205b
-ca6 (base 14) to base 15
-b18
What is -418 (base 13) in base 8?
-1271
-1321211 (base 5) to base 12
-13367
123032 (base 4) to base 12
1012
Convert -15c6 (base 16) to base 9.
-7573
Convert 510 (base 8) to base 10.
328
What is 10021 (base 4) in base 9?
324
Convert 1205154 (base 6) to base 5.
4011413
-635 (base 13) to base 2
-10000100010
20102 (base 4) to base 11
442
-3001111 (base 4) to base 13
-582a
Convert -27ee (base 15) to base 11.
-6472
What is -4430 (base 5) in base 9?
-753
What is -4405 (base 6) in base 4?
-33311
What is -100000111 (base 3) in base 15?
-1e34
Convert -4014214 (base 5) to base 12.
-30a30
Convert -27cb (base 15) to base 14.
-3164
What is -10101011001011 (base 2) in base 12?
-640b
1200 (base 7) to base 3
121100
What is 10211 (base 6) in base 7?
4003
Convert 6e48 (base 16) to base 10.
28232
What is 3411 (base 7) in base 11?
a21
Convert -1343553 (base 6) to base 10.
-76029
What is -2073 (base 13) in base 16?
-1188
What is -1084 (base 10) in base 12?
-764
Convert -111001101010 (base 2) to base 7.
-13521
175 (base 10) to base 14
c7
What is -148 (base 15) in base 4?
-10211
-308 (base 10) to base 13
-1a9
What is 382 (base 12) in base 9?
648
Convert 5255 (base 6) to base 7.
3314
Convert -773 (base 13) to base 7.
-3503
-2cca (base 14) to base 13
-385a
What is 23 (base 16) in base 8?
43
What is 147d (base 15) in base 6?
32201
Convert 1111111000000 (base 2) to base 14.
2d68
Convert 242 (base 16) to base 14.
2d4
What is -4133 (base 6) in base 3?
-1021010
Convert 1111010101110 (base 2) to base 11.
59a0
What is -32221223 (base 4) in base 11?
-410a6
Convert -5d6 (base 14) to base 12.
-814
Convert 212010 (base 3) to base 13.
390
Convert 1200021021 (base 3) to base 9.
50237
What is 572 (base 12) in base 6?
3422
What is -11132 (base 4) in base 16?
-15e
What is -445 (base 12) in base 3?
-212022
c3b7 (base 13) to base 14
9bc1
459 (base 10) to base 9
560
What is -65d (base 14) in base 15?
-58e
Convert -1100000001010 (base 2) to base 6.
-44254
44325 (base 7) to base 8
25606
-106 (base 12) to base 3
-12120
Convert -1252121 (base 6) to base 10.
-69169
What is -1013 (base 4) in base 16?
-47
Convert -12121 (base 3) to base 11.
-128
Convert 10010010010 (base 2) to base 4.
102102
What is 11601 (base 10) in base 14?
4329
Convert 2210002 (base 3) to base 16.
7eb
-235 (base 8) to base 4
-2131
-1789 (base 13) to base 3
-11210101
-1112100012 (base 3) to base 14
-ada9
-110003 (base 5) to base 3
-12011000
30132310 (base 4) to base 6
1032404
-3432 (base 6) to base 12
-578
2137 (base 11) to base 6
21023
What is 243034 (base 6) in base 10?
21406
-101324 (base 5) to base 4
-310023
What is 11140 (base 5) in base 14?
40b
What is -11161 (base 11) in base 16?
-3f20
51607 (base 8) to base 5
1141013
Convert 15 (base 7) to base 5.
22
What is 246 (base 16) in base 12?
406
-32748 (base 11) to base 9
-72120
What is -41a0 (base 13) in base 14?
-3451
Convert 233231 (base 4) to base 5.
44203
-6c50 (base 14) to base 10
-18886
Convert -22200 (base 5) to base 14.
-7ca
What is -966 (base 11) in base 9?
-1530
What is -6019 (base 13) in base 10?
-13204
What is -1000 (base 7) in base 4?
-11113
Convert -8a3 (base 13) to base 2.
-10111001101
355d (base 14) to base 12
5467
Convert ba26 (base 13) to base 5.
1312024
What is 21110 (base 3) in base 2?
11001001
7ac (base 16) to base 15
8ae
Convert 4634 (base 14) to base 4.
2332212
Convert 22772 (base 8) to base 3.
111100002
1625 (base 12) to base 13
1268
-21000 (base 4) to base 6
-2400
Convert -13552 (base 7) to base 9.
-5074
What is 100001100 (base 2) in base 15?
12d
What is 10111011 (base 2) in base 16?
bb
What is -9384 (base 10) in base 2?
-10010010101000
10101 (base 4) to base 6
1133
What is -1242 (base 6) in base 15?
-15e
What is -57c (base 16) in base 6?
-10300
32314 (base 11) to base 9
71371
433 (base 11) to base 10
520
What is 1c6 (base 15) in base 5?
3121
Convert -11324 (base 5) to base 8.
-1507
122012 (base 3) to base 10
464
What is -222122 (base 3) in base 5?
-10334
10001101111 (base 2) to base 12
7a7
What is -516 (base 16) in base 9?
-1706
-1195 (base 16) to base 2
-1000110010101
What is 118 (base 12) in base 14?
ba
5263 (base 8) to base 2
101010110011
562 (base 8) to base 2
101110010
-401 (base 10) to base 13
-24b
What is -1020504 (base 6) in base 13?
-19666
199 (base 11) to base 15
104
Convert 58 (base 10) to base 3.
2011
Convert -2110220 (base 3) to base 5.
-24211
What is 14935 (base 10) in base 13?
6a4b
Convert -bbb7 (base 15) to base 4.
-21231130
What is 1035 (base 8) in base 11?
452
What is -1311041 (base 5) in base 12?
-12ab7
What is -11000111110 (base 2) in base 13?
-95c
Convert -e6 (base 15) to base 4.
-3120
Convert -8268 (base 10) to base 8.
-20114
Convert 7413 (base 8) to base 7.
14141
What is -14 (base 10) in base 6?
-22
11211 (base 3) to base 7
244
465 (base 10) to base 14
253
What is 50b (base 13) in base 8?
1530
What is 34704 (base 12) in base 11?
48767
-48 (base 14) to base 6
-144
1905 (base 12) to base 11
2304
What is -96c (base 13) in base 10?
-1611
Convert c499 (base 13) to base 2.
110101000011110
What is -698 (base 10) in base 14?
-37c
Convert -2563 (base 8) to base 6.
-10243
What is 10032 (base 4) in base 2?
100001110
What is 270 (base 9) in base 3?
22100
What is 385 (base 11) in base 7?
1221
What is 1020 (base 15) in base 6?
23433
Convert -1ca (base 14) to base 7.
